+ 58. List the prime factors of c(-6).
2, 7
Let u(m) = -456*m + 519. List the prime factors of u(-23).
3, 1223
Let v(d) = 543*d**2 - 5*d - 4. Let b be v(-1). Suppose 0 = 7*l - 2147 + b. List the prime factors of l.
229
Let v(q) be the second derivative of -q**3/6 + 4*q**2 + 2*q + 3. Let o be v(2). Suppose 0*x = -o*x + 1524. What are the prime factors of x?
2, 127
Suppose 4 = 83*k - 82*k. Suppose 5*u - 5464 = -k*t, -4*t - 1125 = -u - 6565. List the prime factors of t.
1361
What are the prime factors of ((-42)/126)/((-2)/(-6))*-1*21421?
31, 691
Suppose -247*p - 96 = -239*p. What are the prime factors of 1194*((-14)/p + 68/(-102))?
3, 199
List the prime factors of (24/(-15) + 2)/(-6 + 117155/19525).
2, 11, 71
Suppose -5*j - 128*j = -1997979 + 326302. List the prime factors of j.
12569
Let x = -57 - -9. List the prime factors of (-4)/(x/3740) - 5/(-15).
2, 3, 13
Let v(o) = -20*o**2 + 5*o**2 - 10*o + 1 - o**3 + 5*o**2. Let d be v(-10). Suppose -d + 38 = -g + 3*u, 0 = 4*g + 5*u - 201. List the prime factors of g.
2, 3
Let f = -1697 - -3866. List the prime factors of f.
3, 241
Let s be 5*(308/(-55) + 6). Let z = -10 - -20. Suppose -s*y + 14 = -z. List the prime factors of y.
2, 3
Suppose 0 = -4*x - s + 13223, -3264 = -5*x - s + 13264. What are the prime factors of x?
5, 661
Let d(i) = -5*i - 82. Let a be d(-17). Suppose -2*y = a*y + t - 489, y - 4*t - 81 = 0. List the prime factors of y.
97
Let w = 15188 - 7918. What are the prime factors of w?
2, 5, 727
Let z be ((-40)/(-10) - 5)*-2. Suppose -45*a = -43*a - z*w - 3256, 3*a - 4856 = -4*w. What are the prime factors of a?
2, 7, 29
Let g(m) = 104*m - 64 + 9 - 51 + 22. List the prime factors of g(6).
2, 3, 5
Suppose -9 = -3*d, 7*d = 5*a - 0*a - 25264. What are the prime factors of a?
13, 389
Suppose -v = -194*d + 198*d - 217, -2*v - 3*d + 419 = 0. Let u(t) = -t**3 - 9*t**2 - 6*t + 8. Let l be u(-6). Let n = v - l. List the prime factors of n.
269
Suppose -4*l + 3*t + 5 = 6, 0 = 4*l + 4*t - 20. Suppose -2*q = -l*o - 672, 4*o - 1015 = 4*q - 7*q. What are the prime factors of q?
337
Let x be -2*(-1 - (-245)/(-2)). Suppose -235 = -2*t + x. List the prime factors of t.
241
Let j(w) = 4*w**2 - 128*w + 21741. List the prime factors of j(0).
3, 7247
Let h = -20484 + 79657. List the prime factors of h.
47, 1259
Let b(d) = -2*d**3 + d**2 + 10*d + 4. Let h be b(-2). Suppose -h*s = -2*v - 2*v - 1472, 0 = s - 2*v - 372. List the prime factors of s.
2, 7, 13
Suppose -12 - 300 = 52*i. Let u(t) = 61*t + 38. Let g(k) = 31*k + 19. Let r(n) = 5*g(n) - 3*u(n). What are the prime factors of r(i)?
149
Let l(k) = k. Let m(y) = 0*y**2 + 7*y + y**2 - 23 + 2*y + 13*y. Let d(x) = l(x) - m(x). What are the prime factors of d(-19)?
61
Suppose -9*k - 10940 = -77860 - 54256. List the prime factors of k.
2, 3, 11, 17
Let a = -51 + 61. Suppose 633 = a*x - 7*x. Let q = -124 + x. List the prime factors of q.
3, 29
Suppose -27*r + 31*r = 20. Let q(v) = 56*v + 58. List the prime factors of q(r).
2, 13
Suppose 0 = -4*r - 6 - 6, 2*r = -4*p + 63726. What are the prime factors of p?
3, 47, 113
Let g be (8*122/(-4))/(-6 + 5). Let t = g - 151. Let f = t - -104. What are the prime factors of f?
197
Suppose f + 0*u - 5*u + 589 = 0, -3*f + 2*u - 1832 = 0. Let y = f - -1135. List the prime factors of y.
521
Let s be ((-8)/10)/(159/165 + -1). Let j = s - 20. Suppose 0 = j*i - 5*b - 40, -i + 4*b + 21 = 2*b. List the prime factors of i.
5
Let k(a) = 393 + 515 + 77 - 2*a - 138. List the prime factors of k(0).
7, 11
Suppose 4*p - a - 7 - 10 = 0, 11 = -3*p - 4*a. Suppose -w + 6 = -47. Suppose 5*b - 3*y = 69, -20 + w = p*b + y. What are the prime factors of b?
2, 3
Let k(h) = 111*h + 5808. What are the prime factors of k(47)?
3, 5, 7
Let k(p) = -p**2 + 23*p - 27. Let i be k(19). List the prime factors of 4/(-14) + 20888/i.
2, 3, 71
Let k be (1/(-1) + 2)*(-3627)/(-13). Let r = -163 + k. List the prime factors of r.
2, 29
Suppose 7*k = 1882 + 1765. Let d = k + -356. What are the prime factors of d?
3, 5, 11
Suppose 81*f = -100*f + 1190799. List the prime factors of f.
3, 17, 43
Suppose 0 = z + x - 7, 0 = -4*z + 3*x - 2*x + 18. Let m = 61 + z. Suppose m + 24 = i. List the prime factors of i.
2, 3, 5
Suppose 3*n + 4*u - 283811 = 0, 5*n - 384505 - 88505 = -5*u. List the prime factors of n.
94597
Let z(i) = 6*i**3 - 4*i**2 + 6*i - 3. Suppose -19 - 35 = -3*y. Let p be (0 - -1)/(y/54). What are the prime factors of z(p)?
3, 47
Let r = -1107 + 2084. Let w = r - 481. What are the prime factors of w?
2, 31
Let i = -119 - -44. List the prime factors of (-100)/i + (-2068)/(-6).
2, 173
Let j(q) = -63*q + 199. Let g be j(9). Let p = g - -770. List the prime factors of p.
2, 3, 67
Suppose -2*h = -2*i - 0*h + 5706, -3*i + 2*h = -8555. List the prime factors of i.
7, 11, 37
Suppose 46018 + 11310 = 8*i. List the prime factors of i.
2, 3583
Suppose 3*b - 6*b = -150. Let p = -44 + b. What are the prime factors of (p/33)/1 - (-6685)/77?
3, 29
Suppose 2*a - 4*m = -0*m - 34, 2*a - 2*m + 24 = 0. What are the prime factors of a + (-7 - -8) + 285?
3, 31
Let p = -182 - -175. List the prime factors of (p/2 - -3)*-918 - 1.
2, 229
Let l be (11 + -5)/(9/174). Let r = 76 + l. Let g = r - -42. List the prime factors of g.
2, 3, 13
Suppose 3*p - 4 = -2*y + 255, p - 4*y - 91 = 0. Suppose 21*m - 123 = p. List the prime factors of (-12)/m*-8*(0 + 5).
2, 3
Suppose -3*y - 5*x = -35, 3*y + 3*x = -10 + 37. Suppose -i = y*f - 319, 3*f - 2*f = -4*i + 1333. List the prime factors of i.
2, 167
Let b(g) = -11*g**3 + 5*g + 4. Let d be b(-1). Suppose 3*z = d*l - 5*l - 3398, 4*z - 1380 = -2*l. What are the prime factors of l?
2, 11, 31
Let j be 1491/(-142)*((-96)/7)/1. What are the prime factors of (-635)/2*(j/20 + -8)?
2, 127
Suppose 4*s + s - 25 = 0, 5*a = 4*s + 210. Let u = a - 35. List the prime factors of 5 - 3 - u*-2.
2, 3
Let y(t) = -330*t**3 - 15*t**2 - 32*t - 141. List the prime factors of y(-6).
3, 7, 3371
Let c be ((64/(-5))/2)/((-7)/105). Suppose 5*f - 4*u - 10 = 4*f, f = -4*u - 14. Let q = f + c. What are the prime factors of q?
2, 47
Suppose 3*o + 1302 = -3*p, 2*p - 5*o = -451 - 403. Let h = 79 - p. List the prime factors of h.
7, 73
Let t be 2051 + 0 + (-81 - -76). What are the prime factors of (-8)/28 - (t/(-7) - 7)?
13, 23
Let s(k) = 2*k**3 - 14*k**2 - 303*k + 5. List the prime factors of s(26).
5, 7, 509
Let l(p) = 8*p**2 + 14*p - 7. Let o be l(-3). Let z = 7 - 12. Let k = o + z. List the prime factors of k.
2, 3
Let w be (3/(-2) - -2)*(-18)/(-9). What are the prime factors of (-1)/(w/3) - (-13 - -4)?
2, 3
Suppose 10*k + y - 85460 = -y, 5*y - 25616 = -3*k. What are the prime factors of k?
3, 7, 11, 37
Suppose 68312*b - 196870 = 68302*b. List the prime factors of b.
19687
Let s(p) be the second derivative of -23*p**3/6 + 38*p**2 + 151*p. What are the prime factors of s(-19)?
3, 19
Let q be 12/(-36) + 15/(-9). Let d = 220 + q. List the prime factors of d.
2, 109
Let z(d) = 985*d - 1009. What are the prime factors of z(14)?
12781
Suppose -4 = -2*f + 4, d - 2800 = -2*f. List the prime factors of d.
2, 349
Suppose 93080 + 351538 = 18*r. List the prime factors of r.
17, 1453
Suppose 14*k = 2287 + 7653. Let j = -530 + k. List the prime factors of j.
2, 3, 5
What are the prime factors of ((-12693)/(-1))/((-864)/(-1440))?
5, 4231
Let t(b) be the third derivative of 0*b - 27*b**2 + 0 + 1/24*b**4 + 67/6*b**3. What are the prime factors of t(0)?
67
Suppose 0 = 6*t - 2833 - 5075. What are the prime factors of t?
2, 659
Suppose -5*w = 2*o + 68, o + 0*o = -3*w - 33. Suppose m + 42 = -3*g, 28*m = -2*g + 27*m - 29. What are the prime factors of g/o + 166/6?
2, 7
Let k(x) = x**2 - 65*x + 6. Let o be k(8). What are the prime factors of (-30)/(-20) - (o/4 - -3)?
3, 37
List the prime factors of (18/6)/(((-9)/224448)/(1/(-4))).
2, 7, 167
Let r = -33 - -3751. List the prime factors of r.
2, 11, 13
Let p = -15469 - -27129. List the prime factors of p.
2, 5, 11, 53
Suppose -31*j + 28*j - 15 = 0, 4*m = 4*j + 14272. List the prime factors of m.
7, 509
Let f(k) = -5*k + 6. Let i(t) = 5*t - 5. Let u be i(1). Let r be f(u). Let j(h) = h**3 - 2*h**2 - 6*h + 4. What are the prime factors of j(r)?
2, 7
Let l(g) = 3*g + 14. Let u be l(12). Let k = 454 + u. Suppose -k = 5*n - 9*n. List the prime factors of n.
2, 3, 7